 p = -4*h, -366 = -4*h + a - 3*a. Suppose 4*l = g + h, 6*g - 2*g - 18 = -l. List the prime factors of l.
2, 11
Suppose -4*n = 19*n - 414. List the prime factors of n.
2, 3
Let z = -25 - -29. Suppose -z*s - 4*q + 264 = 0, -194 = -5*s + 2*q + 129. What are the prime factors of s?
5, 13
Suppose 2*q = 3*d - 16, 2*q = -2*d - 3*q - 21. Suppose 68 = 4*y - 4*g, -3*g + 105 = 5*y + d*g. List the prime factors of y.
19
Suppose 4279 = 9*w - 779. What are the prime factors of w?
2, 281
Let j(h) = -h + 8. Let b = 20 + -14. Let z be j(b). Suppose -z*r + 0*l + 20 = l, r = 2*l. List the prime factors of r.
2
Suppose 980 + 740 = 10*w. Suppose w = 2*v - 184. List the prime factors of v.
2, 89
Let v = 4730 + -3234. What are the prime factors of v?
2, 11, 17
Suppose 4*f - 2*r - 42 = 2*f, 2*r = 5*f - 90. Suppose -f*d = -23*d + 910. List the prime factors of d.
2, 5, 13
Suppose 3*j = 3*y + 1392, -3*j = 2*y - 463 - 914. List the prime factors of j.
461
Suppose -5*f - n - 1155 = -7*f, -2*f + 1180 = 4*n. List the prime factors of f.
2, 5, 29
Suppose 0 = 9*x - 4*x + 5. List the prime factors of x/((-6)/9)*(-438)/(-9).
73
Suppose 7*u - 5850 = -6*u. Suppose 2*p = -4*p + u. What are the prime factors of p?
3, 5
Let x(p) = -5*p**2 - 10*p + 6. Let k(t) = 4*t**2 + 10*t - 5. Let b(o) = -4*k(o) - 3*x(o). List the prime factors of b(-7).
23
Suppose 4*g - 2*l + 3*l - 576 = 0, -3*g = l - 431. Suppose -3*b - g = -8*b. What are the prime factors of b?
29
Let s = 20 - 11. What are the prime factors of (3/s)/((-2)/(-228))?
2, 19
Let d(k) = -11*k - 281. List the prime factors of d(-39).
2, 37
Suppose 18*q - 2388 = 15*q. List the prime factors of q.
2, 199
Suppose 0 = 3*j - 4*m - 22, 4*j - 2*m = -4*m. Suppose -b - j = 8. Let x = b + 20. List the prime factors of x.
2, 5
Let r(m) = -m**3 + 7*m**2 - m - 12. Let x be r(5). Let q = x - -42. List the prime factors of q.
3, 5
Suppose -4*l = 0, -5*h + 293 = -l - 1192. List the prime factors of h.
3, 11
Let r = -98 + 59. Suppose 6*l + 1193 + 301 = 0. What are the prime factors of 6/r - l/13?
19
Let w(f) be the second derivative of f**4/6 + 5*f**3/6 - 5*f**2/2 + 2*f. List the prime factors of w(6).
97
Suppose 9*n - 5451 + 1221 = 0. What are the prime factors of n?
2, 5, 47
List the prime factors of 4/((-8)/6) - (81 - 624).
2, 3, 5
Suppose -5*u = -3*i - 11, 0 = 3*u - 0*i + 2*i + 1. Let b be ((-23)/3)/(u/(-6)). Suppose 0 = -2*h + b. List the prime factors of h.
23
Suppose 14*q - 48 + 174 = 0. Let i(j) = 2*j**2 + 5*j - 3 - j**2 + 0*j. List the prime factors of i(q).
3, 11
Let k = 9 - 7. Let j(r) = 11*r**2 + 4*r - 3. List the prime factors of j(k).
7
Let f be (-100)/16 - 2/(-8). Let t be -4 + 9 + 2 + f. Suppose t = b - 30. What are the prime factors of b?
31
Suppose -310*p - 759 = -321*p. List the prime factors of p.
3, 23
Let a(c) = -8*c - 10. Suppose 0 = 2*k + 80 - 68. List the prime factors of a(k).
2, 19
Let p be 6 + 1/((-5)/(-20)). Suppose p*l = 5*l + 40. What are the prime factors of l?
2
Suppose 4 = 2*p + 6, 3*p = -4*v + 17. Suppose -9*i = -v*i - 552. What are the prime factors of i?
2, 3, 23
Suppose 2*i - 444 = -3*l, -i - i = -2*l - 424. Let v = i + -51. Suppose -4*f + a + 78 = -54, 4*a + v = 5*f. What are the prime factors of f?
3, 11
Let b = 706 + -152. List the prime factors of b.
2, 277
Let l(a) be the third derivative of 7*a**5/60 - 5*a**4/24 - 4*a**3/3 - 9*a**2. List the prime factors of l(-4).
2, 31
Let n(r) = -9*r + 10. Let l(v) = 19*v - 19. Let m be (-1)/(-3 + (-28)/(-8)). Let u(x) = m*l(x) - 5*n(x). List the prime factors of u(5).
23
Let f(y) = 9*y**3 + 3*y**2 + y + 6. Let q(r) = -r**3 - r - 1. Let c(n) = -f(n) - 4*q(n). Let x be c(2). List the prime factors of (-2)/(-6)*-1*x.
2
Suppose -n = -3*n + 5*w - 9, -41 = -2*n - 5*w. List the prime factors of n/36 - 745*1/(-9).
83
Let h = 43 + -125. Let o = -31 - h. List the prime factors of o.
3, 17
Let x = -13 + 25. Suppose x = -3*k + 6*k. Suppose 0 = -k*i + 29 - 1. List the prime factors of i.
7
Let i be 6/(-1 - (2 - 5)). Suppose 3*g - 30 = i*m, 2*m = -g - 3*m - 20. Suppose -l - 132 = -4*h, -2*h + g*l = -h - 52. What are the prime factors of h?
2
Suppose -3*p = -2*m - 4, -p = 3*p + 3*m + 6. Suppose -q - a = -0*a - 117, -q + 2*a + 102 = p. List the prime factors of q.
2, 7
Suppose -2*w + 516 = -428. Suppose 0 = -5*s + 4*k + 549, -2*k = 4*s + 3*k - w. List the prime factors of s.
113
Suppose 0 = 11*l - 9*l. Let r = l + 3. Suppose 23 = 2*p + a - 40, -r*p + 87 = 4*a. What are the prime factors of p?
3, 11
Let v be (-2)/(-14) - 4394/(-14). Suppose 3*s + b = -0*b - v, -3*s = -2*b + 317. What are the prime factors of (-30)/s - 313/(-7)?
3, 5
Suppose -5*x = 4*b - b - 4636, 4*b = -x + 917. List the prime factors of x.
929
Let o be 160 - (-5 + -2 + 5). Suppose 0*w - 3*w - 5*d + 162 = 0, d = -3*w + o. List the prime factors of w.
2, 3
Let b be 2*2 + 18/(-9). Suppose -4*v - p + 19 = 0, 0 = -4*v - p + b*p + 21. Suppose x + 3*t - 28 = 6*t, v*x - 5*t - 170 = 0. List the prime factors of x.
37
Let b(p) be the first derivative of -p**4/4 + 7*p**3/3 + 3*p + 15. Let l be (-2 + 16/6)*9. What are the prime factors of b(l)?
3, 13
Suppose 9180 = -86*t + 96*t. What are the prime factors of t?
2, 3, 17
Let k(z) = 3*z**2 + z. Let n be k(-1). Suppose n*f - 31 - 67 = 0. List the prime factors of f.
7
Suppose -5*x - 1243 = -b, -4*x - 2*b + 254 = -5*x. List the prime factors of (-4 - x - 1) + -2.
241
Suppose -5*s = -35*s + 90. Let p = -7 - -11. Suppose 0 = 2*q - s*q - 2*z + 41, -p*q = 4*z - 152. What are the prime factors of q?
5, 7
Suppose 3*r - 5432 = -5*v, 0 = 5*v + 2*r - 3437 - 1991. What are the prime factors of v?
2, 271
Let h(s) = -12*s**3 + 13*s**2 + 8*s**3 + 22 - 9*s + 3*s**3. List the prime factors of h(11).
3, 5, 11
Let a(u) = -u**2 - 13*u - 5. Let h be a(-12). Let w(j) = -j**2 + j. Let f be w(1). Suppose h = -f*b + b. What are the prime factors of b?
7
Let p be (-5)/(-2)*64/40. Suppose -p*c - 511 = -11*c. What are the prime factors of c?
73
Let b be 2 + 2/((-4)/(-10)). Suppose -f = 5*n - b, 4*n - 3*f = 2*n - 4. What are the prime factors of 10 - (4 - (2 - n))?
7
Let u be 2/(-10) - (-160)/50. Let q(c) be the third derivative of 23*c**4/24 + c**3/3 - 3*c**2. What are the prime factors of q(u)?
71
Let t(q) = 5*q**2 + 22*q - 98. List the prime factors of t(14).
2, 5, 7, 17
Let b(y) = -5 - 6 - 2 - y**2 - 15*y + 0*y**2. List the prime factors of b(-13).
13
Let k(p) = -97*p + 8. Let z be k(3). Let m = -180 - z. List the prime factors of m.
103
Let c(k) = -k**3 + 8*k**2 - 10*k + 1. Let z be c(7). Let u = 29 + 17. Let s = u + z. List the prime factors of s.
2, 13
Suppose 3*m + x - 149 = 7*m, -160 = 5*m + 4*x. What are the prime factors of (-20)/3*m/5?
2, 3
Let r = 227 - 402. Let y = -114 - r. List the prime factors of y.
61
Suppose 17 + 159 = 2*y. Let b = -44 + y. List the prime factors of b.
2, 11
Let d(j) = 13 - 11 - 4 - 5*j. Let y be (-1 - 5) + (-1 - -2). List the prime factors of d(y).
23
Let m(g) = g**2 + 9*g - 7. Let c be m(-7). Let x = c - -53. Suppose b - 24 = -2*y - b, 4*b = 4*y - x. What are the prime factors of y?
2, 5
List the prime factors of 410/123*5949/15.
2, 661
Let o = -8 + 9. Let q(g) = 47*g - 2. List the prime factors of q(o).
3, 5
Suppose k - 13 = -v, -2*k - 3*v + 15 = -14. Suppose -2*n - 4*c = -18, -1 = n - 2*c - k. Suppose -n = 3*t, 3*b - 57 = 2*b + 2*t. List the prime factors of b.
3, 17
What are the prime factors of ((-1176)/32)/(-3 - 835/(-280))?
2, 3, 7
Let p = -126 + 444. What are the prime factors of p?
2, 3, 53
Let w(x) = 8*x**2 - 14*x - 28. List the prime factors of w(-8).
2, 149
Suppose -7*n = -15*n + 3544. What are the prime factors of n?
443
Let l be (-4)/(-6) - ((-436)/(-6))/(-2). Let u = -21 + l. What are the prime factors of u?
2
List the prime factors of (5397/(-9))/(((-11)/(-66))/(-1)).
2, 7, 257
Let y be 2/(-17) + 609/119. Suppose -2*r - 66 = -2*c, -11 - 14 = y*r. List the prime factors of c.
2, 7
Let b be (-7)/(35/20) + 35. Suppose 0*k - 4*f = -4*k + 76, 0 = k + 5*f - b. List the prime factors of k.
3, 7
Let m(i) = i**2 + 3*i - 27. Let w = 8 + -19. What are the prime factors of m(w)?
61
What are the prime factors of 116 + 11/(11/(-2))?
2, 3, 19
Let j be ((-182)/(-28))/((-1)/2). Let l = 91 - j. What are the prime factors of l?
2, 13
Suppose -9 = -3*z, 0 = -q + 2*z + 88 